 k be (4/10)/((-2)/(-10)). Let x = -257 + 278. What is the remainder when x is divided by l(k)?
3
Let b be (-1 + 6)*(7 + -6). Let r(m) = -8*m + 4. Let q be r(-12). Suppose 0*k = b*k - q. Calculate the remainder when 77 is divided by k.
17
Let c(a) = 252*a + 11. Calculate the remainder when c(4) is divided by 30.
29
Let f = 30 + 45. Calculate the remainder when f is divided by (-6 + 58)/(5 + (-3)/1).
23
Suppose 4*z = 20, -5*z + 6 = -5*f + 1. Let k be (60/(-48))/((-1)/f). Suppose -11*g = -10*g - k. Calculate the remainder when 17 is divided by g.
2
Let t be (-2)/(-4 - (-20)/6). Let p be t/(-2) - 28/(-8). Suppose 3*j - 48 = 5*n, -p*j + 0*n + 32 = n. What is the remainder when j is divided by 5?
1
Let w = -53 - -157. Suppose 0*a + 2*a + 4*g - w = 0, 3*a - 5*g = 123. What is the remainder when a is divided by 25?
21
What is the remainder when 93 - -1 - (43 + -52) is divided by 52?
51
Suppose -11*z + 522 = -1832. Let u = z - 60. Calculate the remainder when u is divided by 26.
24
Let c(r) = 2*r**2 - 21*r + 21. What is the remainder when 439 is divided by c(10)?
10
Let q be (8 - 1)*12*(-6)/(-168). Suppose 4*o = t + 11, q*t = -0*t + 15. What is the remainder when 18 is divided by o?
2
Suppose 54*h - 46*h = 232. What is the remainder when 137 is divided by h?
21
Suppose 120 = 3*r - r. What is the remainder when 295 is divided by r?
55
Let l(d) be the third derivative of d**5/15 + d**4/6 + d**3/6 + d**2. Let u be l(-3). Suppose 3*t + u = 8*t. What is the remainder when t is divided by 3?
2
Let m = 348 - 197. Calculate the remainder when m is divided by 31.
27
Let c(l) = -3*l + 13. Let o(z) = 3*z**2 - z - 5. Calculate the remainder when o(-4) is divided by c(-4).
22
Let u(m) = m**3 + 2*m**2 - m + 6. Let v be u(-3). Suppose v*s = -5*q + 3*s + 22, -q - 6 = 2*s. Calculate the remainder when 5 is divided by q/(-8)*(-17 + 5).
2
Let f(s) = 2*s**3 + 10*s**2 + 8*s + 22. Calculate the remainder when (-4)/6 - (-128)/3 is divided by f(-4).
20
Let q(k) be the second derivative of k**4/12 + 4*k**3/3 - 6*k**2 - 7*k. Calculate the remainder when 38 is divided by q(-10).
6
Let g(f) = f + 12. Let w be g(-7). Suppose -m - w = -25. Calculate the remainder when m is divided by 3/(-9) + (-198)/(-27).
6
Let h(d) = -6*d**3 - 7*d**2 + 2*d + 6. What is the remainder when 53 is divided by h(-2)?
9
Suppose 110*h - 4082 + 1002 = 0. What is the remainder when 181 is divided by h?
13
Calculate the remainder when ((-123)/(-9))/(0 - 1/(-3)) is divided by 15.
11
Let j(d) be the third derivative of d**5/60 + d**4/24 - 10*d**3/3 - d**2. Let u be j(0). Let v = -13 - u. What is the remainder when 12 is divided by v?
5
Let p = -217 + 144. Let r = -12 - p. Calculate the remainder when r is divided by 31.
30
Let d = 83 + -56. Suppose 5*j = 3*x + j - d, 0 = -3*x + 3*j + 24. What is the remainder when 38 is divided by x?
3
Let c(b) = -10*b**2 - 94*b - 10. Calculate the remainder when c(-8) is divided by 23.
10
What is the remainder when -21*(-26)/8 + 9/(-36) is divided by 7?
5
Let a(g) = g**2 + 102*g + 520. Let k(t) = 2 + 2 - 3*t - 2*t - t**2. Calculate the remainder when a(-5) is divided by k(-3).
5
Let v = -1 - -13. Let o = v + -12. Suppose 4 = 2*y, o*r - 3*r - y = -17. Calculate the remainder when 7 is divided by r.
2
Suppose -3*f - 2 = -r, -r + 4 = -3*r + 2*f. Calculate the remainder when 34 is divided by r + 10/2 - -17.
16
Suppose -11*w + 4917 = 22*w. Calculate the remainder when w is divided by 25.
24
Suppose -28*a = -830 - 2362. Suppose -41 = 4*t - 157. What is the remainder when a is divided by t?
27
Let b = -266 - -341. Calculate the remainder when b is divided by 36.
3
Suppose 551 = -20*y + 8611. Calculate the remainder when y is divided by 15.
13
Let f = 13 - 11. Suppose 4*q - f*q - 22 = 0. Suppose p - 36 = -5. What is the remainder when p is divided by q?
9
Suppose 0 = 3*c - 3*i - 138, c + c - 5*i = 98. Let a = 0 + c. Calculate the remainder when a is divided by 9.
8
Suppose 2*b - 30 = -2*b - 2*y, -b = -3*y - 11. Let p(d) = -3*d**2 + 2*d - 5 - 3*d**2 - 4 + d**3. Calculate the remainder when b is divided by p(6).
2
Let p(q) = 2*q**3 - 28*q**2 + 92*q + 6. What is the remainder when 46 is divided by p(9)?
22
Suppose 8 = 3*q + 5*o + 2, -3*q + o = -6. Suppose f = -p - 1, -3*p - 10 = -2*f + 18. Calculate the remainder when p/q - (10 + -40) is divided by 14.
13
Let c(b) = -25*b - 22. Let m be c(-7). Let p = m - 92. Calculate the remainder when p is divided by 32.
29
Suppose -2*p - 4*v + 39 = -3, -2*v = 3*p - 71. What is the remainder when 90 is divided by p?
15
Suppose -5*m - 11 = -y, 0*y + 16 = y - 4*m. Suppose -2*c = 2*q - y, 0 = 4*q - 0*q + 2*c - 64. Calculate the remainder when 9/(7/3 - 2) is divided by q.
13
Suppose 255 + 241 = 4*g. Let t be 1/(-1) + 0 + -1. Calculate the remainder when (3/t)/(-3)*g is divided by 13.
10
Let l be (-30)/9 - 2/(-6). Let x be 882/(-5) - (-10)/25. What is the remainder when 31 is divided by (l/(-2))/((-24)/x)?
9
Suppose 0 = -2*j - 57 - 75. Let a = j - -143. Calculate the remainder when a is divided by (2 + -1)*(21 - -5).
25
Let s = -41 - -44. Suppose -110 = -5*r + 4*y, -r - s*r + 57 = 3*y. Calculate the remainder when r is divided by 7.
4
Let m(t) = t - 11. Let g be m(9). Let z be 162/72 - g/(-8). Suppose z*n - 5*n = -99. What is the remainder when n is divided by 12?
9
Suppose 3604*b = 3615*b - 957. Suppose -4*q - q + 50 = 0. What is the remainder when b is divided by q?
7
Calculate the remainder when 44 is divided by (-94)/(-8) + 3 + 27/(-36).
2
Let k be 67 - (1 - 2)*3. Suppose 4*s = 4*l - 2 - 14, k = 5*l + 5*s. Calculate the remainder when l is divided by 6.
3
Let w(k) = 60*k - 18. What is the remainder when w(4) is divided by 25?
22
Let j(p) = 2*p**3 - 7*p**2 + 2*p + 13. What is the remainder when j(4) is divided by 0/(-5) - (-16 - -3)?
11
Calculate the remainder when 37 is divided by 5 + (19 + 3)/2.
5
Suppose 873 = 12*s - 3015. What is the remainder when s is divided by 22?
16
Suppose -3*g - 428 = -5*n, 43 = n + 5*g - 37. Suppose 0 = -2*b - 2, 2*l - 5*b - n = 10. Calculate the remainder when l is divided by 16.
13
Let a be -3 - -1*(-45)/3. Let i = a + 0. Let r = i + 49. Calculate the remainder when r is divided by 16.
15
Let r = -16 - -38. Let v = 184 - 287. Let j = v + 189. What is the remainder when j is divided by r?
20
Suppose 3*d - 47 = -5. Suppose 4*f - 156 = -4*l, -4*f - 142 = -3*l - 2*f. What is the remainder when l is divided by 46/6*42/d?
21
Let p be -2 + (-2 - -4) + 3. Suppose 0 = 3*c + p, -2*c = -t + 88 - 27. What is the remainder when t is divided by 10?
9
Let f(m) = m**3 - 5*m**2 - m + 4. Let p be f(5). Suppose 8*b - 348 = -75*b - 4*b. Calculate the remainder when b is divided by (p + 2)*1*3.
1
Let w(v) = v - 1. Let a be w(3). Suppose 2*t - 3*m - 27 = 2*m, 0 = 4*t - a*m - 46. Calculate the remainder when 21 is divided by (0 - (-3)/3)*t.
10
Let r = -81 - -85. Suppose 0 = -4*t - r*t + 376. Calculate the remainder when t is divided by 13.
8
Suppose -4*r - 12 = 0, -2*r - 2*r - 36 = -4*m. Suppose z - 5 = m*z. What is the remainder when 41 is divided by (0 + z)/((-1)/11)?
8
Let s = 176 - 165. What is the remainder when 129 is divided by s?
8
Let w = -643 - -1188. Calculate the remainder when w is divided by 29.
23
Let s(r) = r**3 - r + 44. Let t be s(0). Suppose 2*w - 4*w + t = 2*x, 4*x = -5*w + 89. What is the remainder when x is divided by 6?
3
Let u = -646 - -759. What is the remainder when u is divided by 47?
19
Let l(a) = -2*a + 30. Suppose -4*b - 100 = -5*k + b, -40 = -3*k - b. What is the remainder when l(-13) is divided by k?
11
Suppose -8*p + 14 = -82. Let l = -93 + 140. What is the remainder when l is divided by p?
11
Let s be (-3)/(-15) - (-48)/10. Suppose d = s*m + 15 + 10, -4*m = 16. Let t(j) = j**2 - 4*j + 5. Calculate the remainder when 37 is divided by t(d).
7
Let o = -366 + 661. Suppose 5*s = 4*k - 168 - 68, -o = -5*k - 5*s. Calculate the remainder when k is divided by 20.
19
Suppose -10 = -5*f, -3*v - f + 8 = 3*f. Suppose -2*y = -2*s + y + 23, s + 2*y - 1 = v. Calculate the remainder when s is divided by 3.
1
Let h = 59 - 51. Suppose h - 449 = -9*s. What is the remainder when s is divided by 17?
15
Let m = 1 - 36. Let c = m + 66. Suppose 4*b - 8 = 60. What is the remainder when c is divided by b?
14
Let x(v) = v**3 + 7*v*